{"id":167,"date":"2020-09-07T11:12:48","date_gmt":"2020-09-07T14:12:48","guid":{"rendered":"https:\/\/almanaquefutbrasil.com.br\/site\/?page_id=167"},"modified":"2020-09-07T11:12:49","modified_gmt":"2020-09-07T14:12:49","slug":"altonia-pr-lista-de-equipes","status":"publish","type":"page","link":"https:\/\/almanaquefutbrasil.com.br\/site\/altonia-pr-lista-de-equipes\/","title":{"rendered":"Alt\u00f4nia\/PR &#8211; Lista de Equipes"},"content":{"rendered":"\n<p>Equipes de futebol em Alt\u00f4nia\/PR<\/p>\n\n\n\n<ul class=\"wp-block-list\"><li>Associa\u00e7\u00e3o Atl\u00e9tica Alt\u00f4nia<\/li><li>Associa\u00e7\u00e3o Atl\u00e9tica S\u00e3o Jorge<\/li><li>Associa\u00e7\u00e3o Esportiva Bandeirantes<\/li><li>Aparecidinha Esporte Clube<\/li><li>Atl\u00e9tico Futebol Clube de S\u00e3o Jo\u00e3o<\/li><li>Caramuru Esporte Clube<\/li><li>Esporte Club Caf\u00e9<\/li><li>Esporte Clube Paineira<\/li><li>Esporte Clube S\u00e3o Jos\u00e9<\/li><li>Esporte Clube S\u00e3o Luiz<\/li><li>Gr\u00eamio Esporte Clube<\/li><li>Juventus Atl\u00e9tico Clube<\/li><li>Lavanderia Esporte Clube<\/li><li>Ouro Verde Esporte Clube<\/li><li>SERA &#8211; Sociedade Esportiva E Recreativa Alt\u00f4nia<\/li><li>Sociedade Esportiva Recreativa Altoniense<\/li><li>Sociedade Esportiva e Recreativa Paredense<\/li><li>Uni\u00e3o Paredense<\/li><\/ul>\n","protected":false},"excerpt":{"rendered":"<p>Equipes de futebol em Alt\u00f4nia\/PR Associa\u00e7\u00e3o Atl\u00e9tica Alt\u00f4nia Associa\u00e7\u00e3o Atl\u00e9tica S\u00e3o Jorge Associa\u00e7\u00e3o Esportiva Bandeirantes Aparecidinha Esporte Clube Atl\u00e9tico Futebol Clube de S\u00e3o Jo\u00e3o Caramuru Esporte Clube Esporte Club Caf\u00e9 Esporte Clube Paineira Esporte Clube S\u00e3o Jos\u00e9 Esporte Clube S\u00e3o Luiz Gr\u00eamio Esporte Clube Juventus Atl\u00e9tico Clube Lavanderia Esporte Clube Ouro Verde Esporte Clube SERA &hellip; <\/p>\n<p><a class=\"more-link btn\" href=\"https:\/\/almanaquefutbrasil.com.br\/site\/altonia-pr-lista-de-equipes\/\">Continue reading<\/a><\/p>\n","protected":false},"author":1,"featured_media":0,"parent":0,"menu_order":0,"comment_status":"closed","ping_status":"closed","template":"","meta":{"footnotes":""},"class_list":["post-167","page","type-page","status-publish","hentry","nodate","item-wrap"],"_links":{"self":[{"href":"https:\/\/almanaquefutbrasil.com.br\/site\/wp-json\/wp\/v2\/pages\/167","targetHints":{"allow":["GET"]}}],"collection":[{"href":"https:\/\/almanaquefutbrasil.com.br\/site\/wp-json\/wp\/v2\/pages"}],"about":[{"href":"https:\/\/almanaquefutbrasil.com.br\/site\/wp-json\/wp\/v2\/types\/page"}],"author":[{"embeddable":true,"href":"https:\/\/almanaquefutbrasil.com.br\/site\/wp-json\/wp\/v2\/users\/1"}],"replies":[{"embeddable":true,"href":"https:\/\/almanaquefutbrasil.com.br\/site\/wp-json\/wp\/v2\/comments?post=167"}],"version-history":[{"count":1,"href":"https:\/\/almanaquefutbrasil.com.br\/site\/wp-json\/wp\/v2\/pages\/167\/revisions"}],"predecessor-version":[{"id":168,"href":"https:\/\/almanaquefutbrasil.com.br\/site\/wp-json\/wp\/v2\/pages\/167\/revisions\/168"}],"wp:attachment":[{"href":"https:\/\/almanaquefutbrasil.com.br\/site\/wp-json\/wp\/v2\/media?parent=167"}],"curies":[{"name":"wp","href":"https:\/\/api.w.org\/{rel}","templated":true}]}}